d is divided by 19?
16
Let k(q) = -419*q - 2053. Calculate the remainder when k(-5) is divided by 9*(1 - (-1 - -1)).
6
Let i = 18809 - 18632. Suppose 5*h - 19 = -5*q + 156, -2*q - 3*h + 75 = 0. Calculate the remainder when i is divided by q.
27
Let n(y) = 8*y**2 + 2*y - 2. Calculate the remainder when 64 is divided by n(2).
30
Suppose -1505 = -59*j + 12 + 1610. Calculate the remainder when 217 is divided by j.
5
Suppose 1806 = -4*k + k. Calculate the remainder when (0 + 2)/((-28)/k) is divided by 11.
10
Suppose 0 = 487*r - 490*r + 15, -5*p + 2260 = -r. What is the remainder when p is divided by 317?
136
What is the remainder when 4*(5 - (-183)/2) is divided by 170?
46
Let y be 6/2*130/(-15). Let w(v) = 7*v + 151. Let n be w(-14). Let g = y + n. What is the remainder when g is divided by 10?
7
Let l(r) = -r**3 - 2*r**2 + 80*r + 344. Let y(i) = 18*i**2 - 2*i - 3. Suppose 0 = -5*k - 12 + 2. Calculate the remainder when y(k) is divided by l(-5).
16
Let l(y) = y**3 + 19*y**2 + 22*y - 6. Let o = -5 - -11. Let n(d) = -11*d + 49. Let w be n(o). What is the remainder when l(w) is divided by 50?
48
Let q(k) = -k**3 + k**2 + k + 5. Let b(f) = f**3 + 4*f**2 - f - 1. Let p be b(1). Suppose 0 = p*h + 3*h. Calculate the remainder when 37 is divided by q(h).
2
Suppose 1557 = 17*t + 27. What is the remainder when 1349 is divided by t?
89
Suppose -327 + 277 = 5*x. What is the remainder when 4900/308 - (-1 + x/(-11)) is divided by 5?
1
Let s(a) = -22*a**2 - 46*a + 2. Calculate the remainder when 71 is divided by s(-2).
5
Let n be 1 - 4*(-1)/(-4). Suppose -o + 12 = -36. Suppose n*l = -l + o. What is the remainder when l is divided by 13?
9
Let k(r) = -23*r + 142. Let j be k(-9). Let t = -333 + j. Calculate the remainder when 350 is divided by t.
14
Let c = 432 - 426. Suppose -7*d = -c - 120. What is the remainder when 87 is divided by d?
15
Let p(x) = 2*x**2 + 4*x - 125. What is the remainder when p(-20) is divided by 71?
27
Suppose 5*m + 7 = 6*m. Suppose -10*c + 18 = -m*c. What is the remainder when (-2)/((4/40)/(-1)) is divided by c?
2
Let j be (-3)/7 + (-1296)/(-84). What is the remainder when 191 is divided by (1 - 54/j)*-15?
35
Suppose 0 = 4*h + 3*v - 486, -h - v - 631 + 754 = 0. What is the remainder when 478 is divided by h?
10
Let y = 514 - 444. Suppose 17*m = y + 83. Suppose -2*n + 24 + 8 = 0. Calculate the remainder when n is divided by m.
7
Suppose 0 = -7*o + 1418 + 927. Let r = 349 - o. Calculate the remainder when 278 is divided by r.
12
Let r = 125 + -89. Calculate the remainder when -23*((-56)/20 - 16/80) is divided by r.
33
Suppose -4*f = -9*p + 5*p - 176, 0 = 4*p + 20. Let z = -17 - -8. Let o = z - -17. Calculate the remainder when f is divided by o.
7
Let u = -184 + 194. Calculate the remainder when 296 is divided by 3 - 0 - (-77 - u/(-2)).
71
Let h(y) = 7*y**3 + 28*y**2 + 66*y + 46. Let c(p) = 3*p**3 + 14*p**2 + 33*p + 22. Let f(d) = 9*c(d) - 4*h(d). What is the remainder when 88 is divided by f(16)?
28
Calculate the remainder when 346 is divided by (-3)/(-9) + (-10)/30*-164.
16
Suppose 5*i + a = 116, i + a + 68 - 96 = 0. What is the remainder when 33 is divided by i?
11
Suppose -6*n = -n - 10. Suppose 5*q = a + 283, 11*a - 121 = -n*q + 14*a. Let x(b) = -b**2 - 7*b. What is the remainder when q is divided by x(-3)?
8
Suppose 100*i - 4*h = 98*i + 1978, -2*i - 5*h + 1969 = 0. Calculate the remainder when i is divided by 39.
12
Let c be -23 + (-1)/(3 - 2). Let h(n) = n**3 - 6*n**2 + 12*n - 1. What is the remainder when (22/c + (-11)/(-44))*-54 is divided by h(4)?
6
Suppose -3*h = 5*s - 31, 24 - 3 = -2*h + 5*s. Suppose -4*a + 31 = b, 54 = 4*b + 4*a - h*a. What is the remainder when 48 is divided by b?
4
Let p be 4/16 + (-825)/(-44). Suppose 4*z - 42 = -l - l, -l = z - p. What is the remainder when 185 is divided by l?
15
Let n(y) = -6*y - 66. Let c be n(-11). Suppose -4*t = -2*b + 132, 67*b - 63*b + 4*t - 216 = c. Calculate the remainder when b is divided by 38.
20
Suppose -2*c - 5*x + 605 = 0, -248*c = -245*c - 5*x - 970. Calculate the remainder when c is divided by 38.
11
Suppose -2*j - 2*o + 8 = -2, 0 = 4*j + o - 32. Suppose -113 = -3*n + 2*z, -16 = -10*z + 8*z. What is the remainder when n is divided by j?
7
Suppose 39*v + 295848 = 111*v. What is the remainder when v is divided by 30?
29
Suppose -28 = -k + 2*w - 6*w, 0 = -3*k + 5*w + 67. Let p be (-96)/(-20)*(-2 + -3). Let v = 37 + p. Calculate the remainder when k is divided by v.
11
Suppose -o - 2*n + 1 = 0, -4*o - n = 2*n - 14. Suppose o*a = a + 420. Calculate the remainder when a is divided by 7*4 - (-13 - -14).
24
Let r = 6 + 3. Let q(n) = n**2 - 39*n + 423. Let z be q(14). Suppose m - 7*k - z = -6*k, -203 = -3*m - k. Calculate the remainder when m is divided by r.
6
Let a = 54 + -24. Let c be (0 - (-6)/33) + (-399)/77. Let h = 51 - c. What is the remainder when h is divided by a?
26
Suppose -2*q - 299 = -5*u, 2*u - 110 = 8*q - 12*q. Let r = 131 - 59. Let c = r - 41. What is the remainder when u is divided by c?
28
Let i = 51 + -17. Suppose 5*y + 3*f - 410 = 0, -y + 5*f = -i - 48. Calculate the remainder when y is divided by 43.
39
Let x(o) = -o**2 - 70*o - 241. Calculate the remainder when x(-42) is divided by 135.
125
Let s(t) = t**3 + 11*t**2 - 13*t + 19. Let d be s(-12). Let a = d + 24. Calculate the remainder when a is divided by 21.
13
What is the remainder when 279/6*(-304)/(-28)*(-14)/(-4) is divided by 1766?
1
Suppose 2*z + 225*k = 230*k + 7933, 0 = -5*z + 5*k + 19780. What is the remainder when 7906 is divided by z?
8
Suppose -4*x - 5*o = -582, 8*o - 10*o = -5*x + 711. Calculate the remainder when x is divided by 693/24 - 4/(-32).
27
Calculate the remainder when 2*(-9)/54*-2049 is divided by 136.
3
Let m(s) = 3*s + 45. Let x be m(0). Let n = -46 + x. Calculate the remainder when 3 + n - (4 + -59) is divided by 20.
17
Let q = -420 - -415. Let b(g) = 22*g**2 + 8*g + 4. Calculate the remainder when b(q) is divided by 103.
102
Let g(w) = 144*w - 1. What is the remainder when g(5) is divided by ((405/(-20))/9)/(-3 + 285/96)?
71
Suppose -83*p = -87*p. Suppose -2*q = -0*q - 2. Let c = p + q. Calculate the remainder when 6 is divided by c.
0
Let w = 23 - 14. Let p(j) = 2*j**2 - 7*j + 8. Suppose 0 = -2*m - 4 + 60. What is the remainder when p(w) is divided by m?
23
What is the remainder when (-965*22/(-110))/((0 + 3)/30) is divided by 44?
38
Let k = 159855 + -159813. Suppose h = -5*n + 25, 0 = -0*h + h + 4*n - 21. Let l = h + 6. Calculate the remainder when k is divided by l.
9
Suppose 5*z - 306 = 3*g - 18, -4*g = z - 76. What is the remainder when ((-44)/77)/(3/(-609)) is divided by z?
56
Let h(i) = -2*i + 2*i**2 - 3*i**2 - 178 + 184 + i**3. What is the remainder when 93 is divided by h(0)?
3
Suppose 0 = 4*a + 5*d - 1929, -a - 13*d + 474 = -9*d. What is the remainder when a is divided by 35?
31
Suppose -2411*o + 2421*o - 3880 = 0. What is the remainder when o is divided by 14?
10
Suppose 0 = 4*u - n + 26 - 85, -64 = -4*u - 4*n. What is the remainder when 109 is divided by u?
4
Suppose -7 = -k + 35. Let p(y) = -y**2 + 22*y - 75. Let f be p(15). Let q = k - f. Calculate the remainder when 30 is divided by q.
6
Suppose b - 16 + 7 = 0. Suppose u + 2*q - 385 = 0, 0 = u + 3*q - 241 - 147. Suppose -u = -3*k - 325. Calculate the remainder when k is divided by b.
0
Suppose i = 3*w - 49, 23*w = 26*w - 2*i - 47. Calculate the remainder when 739 is divided by w.
8
Calculate the remainder when 183 is divided by (6*(-70)/(-84))/1.
3
Calculate the remainder when 4704 is divided by ((-4706)/52)/((-11)/2 - -5).
179
Suppose 4*d + m + 154 = 0, 156 = 8*d - 12*d - 2*m. Calculate the remainder when 130 is divided by ((-19)/d)/(2/176*4).
9
Let b(w) = 27*w - 1715. What is the remainder when 107 is divided by b(65)?
27
Suppose 18*b - 6*b = -42*b + 5994. Calculate the remainder when 339 is divided by b.
6
Suppose 0 = -0*q + 4*q - 168. Suppose -946*v + 10644 = -5438. Calculate the remainder when q is divided by v.
8
Suppose -587*k = -600*k + 3172. What is the remainder when k is divided by 61?
0
Calculate the remainder when (8 - 6) + -16 - -645 is divided by 130.
111
Suppose -82*m + 3540 = -79*m. What is the remainder when m is divided by 54?
46
What is the remainder when (-69 + -1 + 1)*13888/(-651) is divide